{"id":3550,"date":"2023-03-16T11:00:46","date_gmt":"2023-03-16T14:00:46","guid":{"rendered":"https:\/\/batista-ma.org.br\/?page_id=3550"},"modified":"2023-03-16T11:00:46","modified_gmt":"2023-03-16T14:00:46","slug":"edital-de-convocacao-para-reorganizacao-de-igrejas-batistas","status":"publish","type":"page","link":"https:\/\/batista-ma.org.br\/?page_id=3550","title":{"rendered":"EDITAL DE CONVOCA\u00c7\u00c3O (PARA REORGANIZA\u00c7\u00c3O DE IGREJAS BATISTAS)"},"content":{"rendered":"\n<figure class=\"wp-block-block-document embedpress-embed-document\"><iframe style=\"height:600px;width:600px\" src=\"\/\/view.officeapps.live.com\/op\/embed.aspx?src=https:\/\/batista-ma.org.br\/wp-content\/uploads\/2023\/03\/edital-de-convocacao.modelo.doc\" mozallowfullscreen=\"true\" webkitallowfullscreen=\"true\"><\/iframe><p class=\"embedpress-el-powered\">Powered By EmbedPress<\/p><\/figure>\n","protected":false},"excerpt":{"rendered":"Powered By EmbedPress","protected":false},"author":4,"featured_media":3552,"parent":0,"menu_order":0,"comment_status":"closed","ping_status":"closed","template":"","meta":{"_themeisle_gutenberg_block_has_review":false,"footnotes":""},"class_list":["post-3550","page","type-page","status-publish","has-post-thumbnail"],"_links":{"self":[{"href":"https:\/\/batista-ma.org.br\/index.php?rest_route=\/wp\/v2\/pages\/3550"}],"collection":[{"href":"https:\/\/batista-ma.org.br\/index.php?rest_route=\/wp\/v2\/pages"}],"about":[{"href":"https:\/\/batista-ma.org.br\/index.php?rest_route=\/wp\/v2\/types\/page"}],"author":[{"embeddable":true,"href":"https:\/\/batista-ma.org.br\/index.php?rest_route=\/wp\/v2\/users\/4"}],"replies":[{"embeddable":true,"href":"https:\/\/batista-ma.org.br\/index.php?rest_route=%2Fwp%2Fv2%2Fcomments&post=3550"}],"version-history":[{"count":1,"href":"https:\/\/batista-ma.org.br\/index.php?rest_route=\/wp\/v2\/pages\/3550\/revisions"}],"predecessor-version":[{"id":3553,"href":"https:\/\/batista-ma.org.br\/index.php?rest_route=\/wp\/v2\/pages\/3550\/revisions\/3553"}],"wp:featuredmedia":[{"embeddable":true,"href":"https:\/\/batista-ma.org.br\/index.php?rest_route=\/wp\/v2\/media\/3552"}],"wp:attachment":[{"href":"https:\/\/batista-ma.org.br\/index.php?rest_route=%2Fwp%2Fv2%2Fmedia&parent=3550"}],"curies":[{"name":"wp","href":"https:\/\/api.w.org\/{rel}","templated":true}]}}

EDITAL DE CONVOCAÇÃO (PARA REORGANIZAÇÃO DE IGREJAS BATISTAS)
