{"id":2440,"date":"2020-02-29T11:45:57","date_gmt":"2020-02-29T14:45:57","guid":{"rendered":"http:\/\/batista-ma.org.br\/?page_id=2440"},"modified":"2020-03-13T16:50:51","modified_gmt":"2020-03-13T19:50:51","slug":"relatorios-2019","status":"publish","type":"page","link":"https:\/\/batista-ma.org.br\/?page_id=2440","title":{"rendered":"AIBGSL &#8211; RELAT\u00d3RIOS &#8211; 2019"},"content":{"rendered":"<p><strong>N\u00daMERO DE IGREJAS FILIADAS AT\u00c9 DEZEMBRO DE 2019 -&#8230;&#8230;&#8230;&#8230;&#8230;&#8230;&#8230;&#8230;&#8230;&#8230;&#8230;&#8230;&#8230;&#8230;&#8230;&#8230;&#8230;&#8230;.55\u00a0 IGREJAS<\/strong><\/p>\n<p><strong>N\u00daMERO DE CONGREGA\u00c7\u00d5ES FILIADAS AT\u00c9 DEZEMBRO DE 2019 -&#8230;&#8230;&#8230;&#8230;&#8230;&#8230;&#8230;&#8230;&#8230;&#8230;&#8230;&#8230;&#8230;..14.\u00a0 CONGREGA\u00c7\u00d5ES<\/strong><\/p>\n<p><strong>N\u00daMERO DE FRENTE MISSION\u00c1RIA CADASTRADA AT\u00c9 DEZEMBRO DE 2019- &#8230;&#8230;&#8230;&#8230;&#8230;&#8230;&#8230;&#8230;0\u00a0 FRENTE MISSION\u00c1RIA<\/strong><\/p>\n<p>&nbsp;<\/p>\n<p><strong>RECEITAS E DESPEZAS DE JANEIRO A DEZEMBRO DE 2019 (RESUMO) <\/strong><\/p>\n<p><strong>RECEITA-&#8230;&#8230;&#8230;&#8230;&#8230;&#8230;&#8230;&#8230;&#8230;&#8230;&#8230;&#8230;&#8230;&#8230;&#8230;&#8230;&#8230;&#8230;&#8230;&#8230;&#8230;&#8230;&#8230;&#8230;&#8230;&#8230;&#8230;&#8230;&#8230;&#8230;&#8230;&#8230;&#8230;&#8230;&#8230;&#8230;.. R$\u00a0310 113,55\u00a0\u00a0<\/strong><\/p>\n<p><strong>SALDO ANTERIOR-&#8230;&#8230;&#8230;&#8230;&#8230;&#8230;&#8230;&#8230;&#8230;&#8230;&#8230;&#8230;&#8230;&#8230;&#8230;&#8230;&#8230;&#8230;&#8230;&#8230;&#8230;&#8230;&#8230;&#8230;&#8230;&#8230;&#8230;&#8230;&#8230;&#8230;&#8230;. R$\u00a0 \u00a0 65 154,99<\/strong><\/p>\n<p><strong>TOTAL DE RECEITA-&#8230;&#8230;&#8230;&#8230;&#8230;&#8230;&#8230;&#8230;&#8230;&#8230;&#8230;&#8230;&#8230;&#8230;&#8230;&#8230;&#8230;&#8230;&#8230;&#8230;&#8230;&#8230;&#8230;&#8230;&#8230;&#8230;&#8230;&#8230;&#8230;&#8230;&#8230; R$\u00a0375 268,54<\/strong><\/p>\n<p><strong>TOTAL DE DESPEZAS-&#8230;&#8230;&#8230;&#8230;&#8230;&#8230;&#8230;&#8230;&#8230;&#8230;&#8230;&#8230;&#8230;&#8230;&#8230;&#8230;&#8230;&#8230;&#8230;&#8230;&#8230;&#8230;&#8230;&#8230;&#8230;&#8230;&#8230;&#8230;&#8230;.. R$ 349 108,07<\/strong><\/p>\n<p><strong>SALDO NO PER\u00cdODO-&#8230;&#8230;&#8230;&#8230;&#8230;&#8230;&#8230;&#8230;&#8230;&#8230;&#8230;&#8230;&#8230;&#8230;&#8230;&#8230;&#8230;&#8230;&#8230;&#8230;&#8230;&#8230;&#8230;&#8230;&#8230;&#8230;&#8230;&#8230;&#8230;&#8230; R$\u00a0 \u00a026 160,47\u00a0 \u00a0<\/strong><\/p>\n<p>&nbsp;<\/p>\n<p><strong>IGREJAS<\/strong><\/p>\n<p><strong>PLANO COOPERATIVO- ENTRADAS DE JAN A DEZ DE 2019&#8230;&#8230;&#8230;&#8230;&#8230;&#8230;&#8230;&#8230;&#8230;R$ 231 537,17<\/strong><\/p>\n<p><strong>SIM- ENTRADA DE JAN A DEZ DE 2019&#8230;&#8230;&#8230;&#8230;&#8230;&#8230;&#8230;&#8230;&#8230;&#8230;&#8230;&#8230;&#8230;&#8230;&#8230;&#8230;&#8230;&#8230;&#8230;&#8230;..R$ 31 974,25\u00a0 \u00a0 \u00a0<\/strong><\/p>\n<p>&nbsp;<\/p>\n<p><strong>CONGREGA\u00c7\u00d5ES<\/strong><\/p>\n<p><strong>PLANO COOPERATIVO- ENTRADAS DE JAN A DEZ DE 2019&#8230;&#8230;&#8230;&#8230;&#8230;&#8230;&#8230;&#8230;&#8230;&#8230;.R$ 7 983,75\u00a0\u00a0<\/strong><\/p>\n<p><strong>SIM- ENTRADA DE JAN A DEZ DE 2019&#8230;&#8230;&#8230;&#8230;&#8230;&#8230;&#8230;&#8230;&#8230;&#8230;&#8230;&#8230;&#8230;&#8230;&#8230;&#8230;&#8230;&#8230;&#8230;&#8230;&#8230;&#8230;R$ 1 193,50\u00a0 \u00a0\u00a0<\/strong><\/p>\n<p>&nbsp;<\/p>\n<p><strong>CONV\u00caNIOS REALIZADOS &#8211; JAN A DEZ DE 2019 &#8230;&#8230;&#8230;&#8230;&#8230;&#8230;&#8230;&#8230;&#8230;&#8230;&#8230;&#8230;&#8230;&#8230;&#8230;&#8230;&#8230;&#8230;&#8230;&#8230;&#8230;&#8230;..06<\/strong><\/p>\n<p><strong>AP\u00d4IOS REALIZADOS &#8211; JAN A DEZ DE 2019O&#8230;&#8230;&#8230;&#8230;&#8230;&#8230;&#8230;&#8230;&#8230;&#8230;&#8230;&#8230;&#8230;&#8230;&#8230;&#8230;&#8230;&#8230;&#8230;&#8230;&#8230;&#8230;&#8230;&#8230;..19<\/strong><\/p>\n<p><strong>AUXILIOS REALIZADOS &#8211; JAN A DEZ DE 2019&#8230;&#8230;&#8230;&#8230;&#8230;&#8230;&#8230;&#8230;&#8230;&#8230;&#8230;&#8230;&#8230;&#8230;&#8230;&#8230;&#8230;&#8230;&#8230;&#8230;&#8230;&#8230;&#8230;&#8230;..03<\/strong><\/p>\n<p><strong>VALOR INVESTIDO EM MISS\u00d5ES &#8211; 2019&#8230;&#8230;&#8230;&#8230;&#8230;&#8230;&#8230;R$ 101 363,45&#8230;&#8230;&#8230;&#8230;&#8230;&#8230;&#8230;.\u00a0 \u00a0 27,010%<\/strong><\/p>\n<p><img loading=\"lazy\" decoding=\"async\" class=\"aligncenter size-full wp-image-2253\" src=\"https:\/\/batista-ma.org.br\/wp-content\/uploads\/2020\/02\/BANER-TRANPARENCIA-2020.jpg\" alt=\"\" width=\"300\" height=\"50\" \/><\/p>\n<p><img loading=\"lazy\" decoding=\"async\" class=\"aligncenter wp-image-2846 size-full\" src=\"https:\/\/batista-ma.org.br\/wp-content\/uploads\/2020\/03\/AIBGSL-1.jpg\" alt=\"\" width=\"553\" height=\"731\" srcset=\"https:\/\/batista-ma.org.br\/wp-content\/uploads\/2020\/03\/AIBGSL-1.jpg 553w, https:\/\/batista-ma.org.br\/wp-content\/uploads\/2020\/03\/AIBGSL-1-227x300.jpg 227w\" sizes=\"(max-width: 553px) 100vw, 553px\" \/><\/p>\n<p><img loading=\"lazy\" decoding=\"async\" class=\"aligncenter wp-image-2847 size-full\" src=\"https:\/\/batista-ma.org.br\/wp-content\/uploads\/2020\/03\/AIBGSL-2.jpg\" alt=\"\" width=\"538\" height=\"726\" srcset=\"https:\/\/batista-ma.org.br\/wp-content\/uploads\/2020\/03\/AIBGSL-2.jpg 538w, https:\/\/batista-ma.org.br\/wp-content\/uploads\/2020\/03\/AIBGSL-2-222x300.jpg 222w\" sizes=\"(max-width: 538px) 100vw, 538px\" \/><\/p>\n<p><img loading=\"lazy\" decoding=\"async\" class=\"aligncenter wp-image-2848 size-full\" src=\"https:\/\/batista-ma.org.br\/wp-content\/uploads\/2020\/03\/AIBGSL-3.jpg\" alt=\"\" width=\"528\" height=\"730\" srcset=\"https:\/\/batista-ma.org.br\/wp-content\/uploads\/2020\/03\/AIBGSL-3.jpg 528w, https:\/\/batista-ma.org.br\/wp-content\/uploads\/2020\/03\/AIBGSL-3-217x300.jpg 217w\" sizes=\"(max-width: 528px) 100vw, 528px\" \/><\/p>\n<p><img loading=\"lazy\" decoding=\"async\" class=\"aligncenter wp-image-2849 size-full\" src=\"https:\/\/batista-ma.org.br\/wp-content\/uploads\/2020\/03\/AIBGSL-4.jpg\" alt=\"\" width=\"731\" height=\"541\" srcset=\"https:\/\/batista-ma.org.br\/wp-content\/uploads\/2020\/03\/AIBGSL-4.jpg 731w, https:\/\/batista-ma.org.br\/wp-content\/uploads\/2020\/03\/AIBGSL-4-300x222.jpg 300w\" sizes=\"(max-width: 731px) 100vw, 731px\" \/><\/p>\n","protected":false},"excerpt":{"rendered":"<p>N\u00daMERO DE IGREJAS FILIADAS AT\u00c9 DEZEMBRO DE 2019 -&#8230;&#8230;&#8230;&#8230;&#8230;&#8230;&#8230;&#8230;&#8230;&#8230;&#8230;&#8230;&#8230;&#8230;&#8230;&#8230;&#8230;&#8230;.55\u00a0 IGREJAS N\u00daMERO DE CONGREGA\u00c7\u00d5ES FILIADAS AT\u00c9 DEZEMBRO DE 2019 -&#8230;&#8230;&#8230;&#8230;&#8230;&#8230;&#8230;&#8230;&#8230;&#8230;&#8230;&#8230;&#8230;..14.\u00a0 CONGREGA\u00c7\u00d5ES N\u00daMERO DE FRENTE MISSION\u00c1RIA CADASTRADA AT\u00c9 DEZEMBRO DE 2019- &#8230;&#8230;&#8230;&#8230;&#8230;&#8230;&#8230;&#8230;0\u00a0 FRENTE MISSION\u00c1RIA &nbsp; RECEITAS E DESPEZAS DE JANEIRO A DEZEMBRO DE 2019 (RESUMO) RECEITA-&#8230;&#8230;&#8230;&#8230;&#8230;&#8230;&#8230;&#8230;&#8230;&#8230;&#8230;&#8230;&#8230;&#8230;&#8230;&#8230;&#8230;&#8230;&#8230;&#8230;&#8230;&#8230;&#8230;&#8230;&#8230;&#8230;&#8230;&#8230;&#8230;&#8230;&#8230;&#8230;&#8230;&#8230;&#8230;&#8230;.. R$\u00a0310 113,55\u00a0\u00a0 SALDO ANTERIOR-&#8230;&#8230;&#8230;&#8230;&#8230;&#8230;&#8230;&#8230;&#8230;&#8230;&#8230;&#8230;&#8230;&#8230;&#8230;&#8230;&#8230;&#8230;&#8230;&#8230;&#8230;&#8230;&#8230;&#8230;&#8230;&#8230;&#8230;&#8230;&#8230;&#8230;&#8230;. R$\u00a0 \u00a0 65 154,99 TOTAL DE RECEITA-&#8230;&#8230;&#8230;&#8230;&#8230;&#8230;&#8230;&#8230;&#8230;&#8230;&#8230;&#8230;&#8230;&#8230;&#8230;&#8230;&#8230;&#8230;&#8230;&#8230;&#8230;&#8230;&#8230;&#8230;&#8230;&#8230;&#8230;&#8230;&#8230;&#8230;&#8230; [&hellip;]<\/p>\n","protected":false},"author":2,"featured_media":0,"parent":0,"menu_order":0,"comment_status":"closed","ping_status":"closed","template":"","meta":{"_themeisle_gutenberg_block_has_review":false,"footnotes":""},"class_list":["post-2440","page","type-page","status-publish"],"_links":{"self":[{"href":"https:\/\/batista-ma.org.br\/index.php?rest_route=\/wp\/v2\/pages\/2440"}],"collection":[{"href":"https:\/\/batista-ma.org.br\/index.php?rest_route=\/wp\/v2\/pages"}],"about":[{"href":"https:\/\/batista-ma.org.br\/index.php?rest_route=\/wp\/v2\/types\/page"}],"author":[{"embeddable":true,"href":"https:\/\/batista-ma.org.br\/index.php?rest_route=\/wp\/v2\/users\/2"}],"replies":[{"embeddable":true,"href":"https:\/\/batista-ma.org.br\/index.php?rest_route=%2Fwp%2Fv2%2Fcomments&post=2440"}],"version-history":[{"count":13,"href":"https:\/\/batista-ma.org.br\/index.php?rest_route=\/wp\/v2\/pages\/2440\/revisions"}],"predecessor-version":[{"id":2854,"href":"https:\/\/batista-ma.org.br\/index.php?rest_route=\/wp\/v2\/pages\/2440\/revisions\/2854"}],"wp:attachment":[{"href":"https:\/\/batista-ma.org.br\/index.php?rest_route=%2Fwp%2Fv2%2Fmedia&parent=2440"}],"curies":[{"name":"wp","href":"https:\/\/api.w.org\/{rel}","templated":true}]}}