{"id":1984,"date":"2023-06-09T16:45:32","date_gmt":"2023-06-09T19:45:32","guid":{"rendered":"http:\/\/batista-ma.org.br\/?page_id=1984"},"modified":"2023-06-09T16:45:34","modified_gmt":"2023-06-09T19:45:34","slug":"o-que-e-o-sim","status":"publish","type":"page","link":"https:\/\/batista-ma.org.br\/?page_id=1984","title":{"rendered":"CAMPANHA DE MISS\u00d5ES ESTADUAIS 2023"},"content":{"rendered":"\n<figure class=\"wp-block-image size-full\"><img loading=\"lazy\" decoding=\"async\" width=\"800\" height=\"800\" src=\"https:\/\/batista-ma.org.br\/wp-content\/uploads\/2023\/06\/campanha-missoes-final.jpg\" alt=\"\" class=\"wp-image-3891\" srcset=\"https:\/\/batista-ma.org.br\/wp-content\/uploads\/2023\/06\/campanha-missoes-final.jpg 800w, https:\/\/batista-ma.org.br\/wp-content\/uploads\/2023\/06\/campanha-missoes-final-300x300.jpg 300w, https:\/\/batista-ma.org.br\/wp-content\/uploads\/2023\/06\/campanha-missoes-final-150x150.jpg 150w, https:\/\/batista-ma.org.br\/wp-content\/uploads\/2023\/06\/campanha-missoes-final-768x768.jpg 768w, https:\/\/batista-ma.org.br\/wp-content\/uploads\/2023\/06\/campanha-missoes-final-696x696.jpg 696w, https:\/\/batista-ma.org.br\/wp-content\/uploads\/2023\/06\/campanha-missoes-final-420x420.jpg 420w\" sizes=\"(max-width: 800px) 100vw, 800px\" \/><\/figure>\n\n\n<p class=\"_04xlpA direction-ltr align-center para-style-body\"><span class=\"WdYUQQ text-decoration-none text-strikethrough-none\"><img loading=\"lazy\" decoding=\"async\" class=\"alignnone size-thumbnail wp-image-3897\" src=\"https:\/\/batista-ma.org.br\/wp-content\/uploads\/2023\/06\/IMG-20230329-WA0053-Copia-150x150.jpg\" alt=\"\" width=\"150\" height=\"150\"><\/span><\/p>\n<p class=\"_04xlpA direction-ltr align-center para-style-body\"><span class=\"WdYUQQ text-decoration-none text-strikethrough-none\">PALAVRA DO PRESIDENTE<br><\/span><span class=\"WdYUQQ text-decoration-none text-strikethrough-none\">Gra\u00e7a e Paz,<\/span><\/p>\n<p class=\"_04xlpA direction-ltr align-justify para-style-body\"><span class=\"WdYUQQ text-decoration-none text-strikethrough-none\">Batistas Maranhenses, estamos iniciando mais uma Campanha de<br><\/span><span class=\"WdYUQQ text-decoration-none text-strikethrough-none\">Miss\u00f5es Estaduais sob o Tema: Desperta Maranh\u00e3o e divisa em Romanos<br><\/span><span class=\"WdYUQQ text-decoration-none text-strikethrough-none\">10.15 \u201cE como pregar\u00e3o, se n\u00e3o forem enviados? Como est\u00e1 escrito:<br><\/span><span class=\"WdYUQQ text-decoration-none text-strikethrough-none\">Qu\u00e3o formosos s\u00e3o os p\u00e9s dos que anunciam coisas boas!\u201d Convocamos<br><\/span><span style=\"color: initial;\">todas as Igrejas Batistas, filiadas \u00e0 Conven\u00e7\u00e3o Batista Maranhense, para juntos<br><\/span><span class=\"WdYUQQ text-decoration-none text-strikethrough-none\">anunciar o Evangelho de Jesus Cristo, seja nas \u00e1reas urbanas ou rurais, de<br><\/span><span class=\"WdYUQQ text-decoration-none text-strikethrough-none\">norte a sul e leste a oeste, trabalhando com alegria e disposi\u00e7\u00e3o o tema e<br><\/span><span class=\"WdYUQQ text-decoration-none text-strikethrough-none\">divisa desta Campanha.<\/span><\/p>\n<p class=\"_04xlpA direction-ltr align-justify para-style-body\"><span class=\"WdYUQQ text-decoration-none text-strikethrough-none\">Urge o tempo em atender a necessidade de nosso Estado, fazendo-<br><\/span><span style=\"color: initial;\">o conhecer a verdade contida na Palavra de Deus. Mobilize, ore, contribua e<br><\/span><span class=\"WdYUQQ text-decoration-none text-strikethrough-none\">participe com a sua igreja ou congrega\u00e7\u00e3o e vamos despertar o Maranh\u00e3o<br><\/span><span class=\"WdYUQQ text-decoration-none text-strikethrough-none\">Batista para miss\u00f5es, atendendo a ordem da grande Comiss\u00e3o.<\/span><\/p>\n<p class=\"_04xlpA direction-ltr align-justify para-style-body\"><span class=\"WdYUQQ text-decoration-none text-strikethrough-none\">Muitos s\u00e3o os lugares em o nosso Estado, que ainda \u00e9 necess\u00e1rio<br><\/span><span class=\"WdYUQQ text-decoration-none text-strikethrough-none\">um trabalho de evangeliza\u00e7\u00e3o. Contamos com cada membro e congregado<br><\/span><span class=\"WdYUQQ text-decoration-none text-strikethrough-none\">para este encargo. Finalmente, deixo o texto de Salmos 90.16 e 17, que diz:<br><\/span><span class=\"WdYUQQ text-decoration-none text-strikethrough-none\">\u201cAos teus servos apare\u00e7am as tuas obras, e a seus filhos, a tua gl\u00f3ria. Seja<br><\/span><span class=\"WdYUQQ text-decoration-none text-strikethrough-none\">sobre n\u00f3s a gra\u00e7a do Senhor, nosso Deus, confirma sobre n\u00f3s as obras das<br><\/span><span class=\"WdYUQQ text-decoration-none text-strikethrough-none\">nossas m\u00e3os, sim, confirma a obra das nossas m\u00e3os.<\/span><\/p>\n<p class=\"_04xlpA direction-ltr align-justify para-style-body\"><span class=\"WdYUQQ text-decoration-none text-strikethrough-none\">Fraternalmente em Cristo Jesus,<\/span><\/p>\n<p class=\"_04xlpA direction-ltr align-justify para-style-body\"><strong><span class=\"WdYUQQ text-decoration-none text-strikethrough-none\">Rog\u00e9rio Ribeiro Linhares&nbsp; &nbsp; &nbsp; &nbsp; &nbsp; &nbsp; &nbsp; &nbsp; <br><\/span><\/strong><span class=\"WdYUQQ text-decoration-none text-strikethrough-none\">Presidente da CBM<\/span><\/p>\n<p>Material para Campanha Desperta Maranh\u00e3o. <a href=\"https:\/\/drive.google.com\/drive\/folders\/1wNXnzASmhQRxF4qtnAzc8Gl7nRaMUukk?usp=drive_link\">Clique aqui<\/a> ou copie o link a baixo:<br><a href=\"https:\/\/drive.google.com\/drive\/folders\/1wNXnzASmhQRxF4qtnAzc8Gl7nRaMUukk?usp=drive_link\">https:\/\/drive.google.com\/drive\/folders\/1wNXnzASmhQRxF4qtnAzc8Gl7nRaMUukk?usp=drive_link<\/a><\/p>\n<p><\/p>\n<h4><strong>O QUE \u00c9 O SIM \u2013 Sistema Integrado de Miss\u00f5es<\/strong><\/h4>\n<p>\u00c9 uma estrat\u00e9gia&nbsp;para promover miss\u00f5es no estado do Maranh\u00e3o<\/p>\n<p><strong>Objetivo \u2013<\/strong> Arrecadar recursos para manter mission\u00e1rios no campo.<\/p>\n<p><strong>Operacionalidade \u2013 <\/strong>Contribui\u00e7\u00e3o mensal dos membros e congregados de nossas igrejas com apenas&nbsp; R$ 5,00 (Cinco Reais Por m\u00eas) por pessoa.<\/p>\n<p><b>Estrat\u00e9gia<\/b><strong>&nbsp;&#8211;&nbsp; <\/strong>Envelopes padronizados distribu\u00eddos as Igrejas&nbsp; e membros cooperantes<\/p>\n<p><strong>Alvo-<\/strong> Alcan\u00e7ar todo no campo maranhense com um trabalho batista<br>-Alcan\u00e7ar com novos trabalhos cidades, Bairros e Povoados<br>-Revitaliza\u00e7\u00e3o dos trabalhos batistas j\u00e1 existentes<br>-Manter a divulga\u00e7\u00e3o desse trabalho com seus pr\u00f3prios recursos<\/p>\n<p><strong>PARA QUE SERVE O SIM<br><\/strong>Para o sustento mission\u00e1rios de conveniados \u00e0 CBM\/ASSOCIA\u00c7\u00d5ES e projetos mission\u00e1rios em todo estado maranhense.<\/p>\n<p><strong>CRIA\u00c7\u00c3O DO SIM<\/strong><\/p>\n<p>No ano de 2001 foi criado o SIM pela Conven\u00e7\u00e3o Batista Maranhense.<br>Hist\u00f3ria da arrecada\u00e7\u00e3o de MISS\u00d5ES ESTADUAL, antes do SIM<br>Evolu\u00e7\u00e3o da arrecada\u00e7\u00e3o do SIM ano a ano<\/p>\n<p><strong>A CRIA\u00c7\u00c3O DO (SIM) \u00c9 UMA INICIATICA IN\u00c9DITA <\/strong><\/p>\n<p>\u00c9 o \u00fanico estado a \u00fanica conven\u00e7\u00e3o que trabalha com esse sistema de arrecada\u00e7\u00e3o e campanha estadual.<\/p>\n<p>Tem dado certo ao longo dos anos, faltando o aprimoramento, acompanhamento e incentivo<\/p>\n<p><strong>ONDE \u00c9 APLICADO O DINHEIRO DO SIM&nbsp;<\/strong><\/p>\n<p>O dinheiro \u00e9 aplicado em projetos mission\u00e1rios como: capacita\u00e7\u00e3o de l\u00edderes, revitaliza\u00e7\u00e3o de igrejas atrav\u00e9s do envio de mission\u00e1rios para o campo batista, investimento em infraestrutura para congrega\u00e7\u00f5es e igrejas.<\/p>\n<p><strong>ONDE ESTA A PRESEN\u00c7A BATISTA<\/strong><\/p>\n<p><strong><em>Atualmente estamos em sete regi\u00f5es do Estado, representada em oito Associa\u00e7\u00f5es, a saber:<\/em><\/strong><\/p>\n<p><strong>Associa\u00e7\u00e3o do Alto Turi<\/strong> &#8211; com 09 Igrejas e 07 Congrega\u00e7\u00f5es.<br><strong>Associa\u00e7\u00e3o da Baixada Maranhense<\/strong> &#8211; com 30 Igrejas e 68 Congrega\u00e7\u00e3o.<br><strong>Associa\u00e7\u00e3o dos Cocais<\/strong> &#8211; com 33 Igrejas e 51 Congrega\u00e7\u00f5es.<br><strong>Associa\u00e7\u00e3o da Grande S\u00e3o Lu\u00eds<\/strong> &#8211; com 58 Igreja e 13 Congrega\u00e7\u00f5es. (S\u00e3o Lu\u00eds)<br><strong>Associa\u00e7\u00e3o Metropolitana<\/strong> &#8211; Com 116 Igreja e 38 Congrega\u00e7\u00f5es.&nbsp;(S\u00e3o Lu\u00eds)<br><strong>Associa\u00e7\u00e3o dos Len\u00e7\u00f3is Maranhense<\/strong> &#8211; com 19 Igrejas e 19 Congrega\u00e7\u00e3o.<br><strong>Associa\u00e7\u00e3o do Vale do Munim<\/strong> &#8211; com 22 Igrejas e 26 Congrega\u00e7\u00f5es.<br><strong>Associa\u00e7\u00e3o Vale do Pindar\u00e9<\/strong> &#8211; com 16 Igrejas e 12 Congrega\u00e7\u00f5es.<\/p>","protected":false},"excerpt":{"rendered":"<p>PALAVRA DO PRESIDENTEGra\u00e7a e Paz, Batistas Maranhenses, estamos iniciando mais uma Campanha deMiss\u00f5es Estaduais sob o Tema: Desperta Maranh\u00e3o e divisa em Romanos10.15 \u201cE como pregar\u00e3o, se n\u00e3o forem enviados? Como est\u00e1 escrito:Qu\u00e3o formosos s\u00e3o os p\u00e9s dos que anunciam coisas boas!\u201d Convocamostodas as Igrejas Batistas, filiadas \u00e0 Conven\u00e7\u00e3o Batista Maranhense, para juntosanunciar o Evangelho [&hellip;]<\/p>\n","protected":false},"author":1,"featured_media":3891,"parent":0,"menu_order":0,"comment_status":"closed","ping_status":"closed","template":"","meta":{"_themeisle_gutenberg_block_has_review":false,"footnotes":""},"class_list":["post-1984","page","type-page","status-publish","has-post-thumbnail"],"_links":{"self":[{"href":"https:\/\/batista-ma.org.br\/index.php?rest_route=\/wp\/v2\/pages\/1984"}],"collection":[{"href":"https:\/\/batista-ma.org.br\/index.php?rest_route=\/wp\/v2\/pages"}],"about":[{"href":"https:\/\/batista-ma.org.br\/index.php?rest_route=\/wp\/v2\/types\/page"}],"author":[{"embeddable":true,"href":"https:\/\/batista-ma.org.br\/index.php?rest_route=\/wp\/v2\/users\/1"}],"replies":[{"embeddable":true,"href":"https:\/\/batista-ma.org.br\/index.php?rest_route=%2Fwp%2Fv2%2Fcomments&post=1984"}],"version-history":[{"count":19,"href":"https:\/\/batista-ma.org.br\/index.php?rest_route=\/wp\/v2\/pages\/1984\/revisions"}],"predecessor-version":[{"id":3905,"href":"https:\/\/batista-ma.org.br\/index.php?rest_route=\/wp\/v2\/pages\/1984\/revisions\/3905"}],"wp:featuredmedia":[{"embeddable":true,"href":"https:\/\/batista-ma.org.br\/index.php?rest_route=\/wp\/v2\/media\/3891"}],"wp:attachment":[{"href":"https:\/\/batista-ma.org.br\/index.php?rest_route=%2Fwp%2Fv2%2Fmedia&parent=1984"}],"curies":[{"name":"wp","href":"https:\/\/api.w.org\/{rel}","templated":true}]}}

CAMPANHA DE MISSÕES ESTADUAIS 2023

<figure class="wp-block-image size-full"><img loading="lazy" decoding="async" width="800" height="800" src="https://batista-ma.org.br/wp-content/uploads/2023/06/campanha-missoes-final.jpg" alt="" class="wp-image-3891" srcset="https://batista-ma.org.br/wp-content/uploads/2023/06/campanha-missoes-final.jpg 800w, https://batista-ma.org.br/wp-content/uploads/2023/06/campanha-missoes-final-300x300.jpg 300w, https://batista-ma.org.br/wp-content/uploads/2023/06/campanha-missoes-final-150x150.jpg 150w, https://batista-ma.org.br/wp-content/uploads/2023/06/campanha-missoes-final-768x768.jpg 768w, https://batista-ma.org.br/wp-content/uploads/2023/06/campanha-missoes-final-696x696.jpg 696w, https://batista-ma.org.br/wp-content/uploads/2023/06/campanha-missoes-final-420x420.jpg 420w" sizes="(max-width: 800px) 100vw, 800px" /></figure>


<p class="_04xlpA direction-ltr align-center para-style-body"><span class="WdYUQQ text-decoration-none text-strikethrough-none"><img loading="lazy" decoding="async" class="alignnone size-thumbnail wp-image-3897" src="https://batista-ma.org.br/wp-content/uploads/2023/06/IMG-20230329-WA0053-Copia-150x150.jpg" alt="" width="150" height="150"></span></p>
<p class="_04xlpA direction-ltr align-center para-style-body"><span class="WdYUQQ text-decoration-none text-strikethrough-none">PALAVRA DO PRESIDENTE<br></span><span class="WdYUQQ text-decoration-none text-strikethrough-none">Graça e Paz,</span></p>
<p class="_04xlpA direction-ltr align-justify para-style-body"><span class="WdYUQQ text-decoration-none text-strikethrough-none">Batistas Maranhenses, estamos iniciando mais uma Campanha de<br></span><span class="WdYUQQ text-decoration-none text-strikethrough-none">Missões Estaduais sob o Tema: Desperta Maranhão e divisa em Romanos<br></span><span class="WdYUQQ text-decoration-none text-strikethrough-none">10.15 “E como pregarão, se não forem enviados? Como está escrito:<br></span><span class="WdYUQQ text-decoration-none text-strikethrough-none">Quão formosos são os pés dos que anunciam coisas boas!” Convocamos<br></span><span style="color: initial;">todas as Igrejas Batistas, filiadas à Convenção Batista Maranhense, para juntos<br></span><span class="WdYUQQ text-decoration-none text-strikethrough-none">anunciar o Evangelho de Jesus Cristo, seja nas áreas urbanas ou rurais, de<br></span><span class="WdYUQQ text-decoration-none text-strikethrough-none">norte a sul e leste a oeste, trabalhando com alegria e disposição o tema e<br></span><span class="WdYUQQ text-decoration-none text-strikethrough-none">divisa desta Campanha.</span></p>
<p class="_04xlpA direction-ltr align-justify para-style-body"><span class="WdYUQQ text-decoration-none text-strikethrough-none">Urge o tempo em atender a necessidade de nosso Estado, fazendo-<br></span><span style="color: initial;">o conhecer a verdade contida na Palavra de Deus. Mobilize, ore, contribua e<br></span><span class="WdYUQQ text-decoration-none text-strikethrough-none">participe com a sua igreja ou congregação e vamos despertar o Maranhão<br></span><span class="WdYUQQ text-decoration-none text-strikethrough-none">Batista para missões, atendendo a ordem da grande Comissão.</span></p>
<p class="_04xlpA direction-ltr align-justify para-style-body"><span class="WdYUQQ text-decoration-none text-strikethrough-none">Muitos são os lugares em o nosso Estado, que ainda é necessário<br></span><span class="WdYUQQ text-decoration-none text-strikethrough-none">um trabalho de evangelização. Contamos com cada membro e congregado<br></span><span class="WdYUQQ text-decoration-none text-strikethrough-none">para este encargo. Finalmente, deixo o texto de Salmos 90.16 e 17, que diz:<br></span><span class="WdYUQQ text-decoration-none text-strikethrough-none">“Aos teus servos apareçam as tuas obras, e a seus filhos, a tua glória. Seja<br></span><span class="WdYUQQ text-decoration-none text-strikethrough-none">sobre nós a graça do Senhor, nosso Deus, confirma sobre nós as obras das<br></span><span class="WdYUQQ text-decoration-none text-strikethrough-none">nossas mãos, sim, confirma a obra das nossas mãos.</span></p>
<p class="_04xlpA direction-ltr align-justify para-style-body"><span class="WdYUQQ text-decoration-none text-strikethrough-none">Fraternalmente em Cristo Jesus,</span></p>
<p class="_04xlpA direction-ltr align-justify para-style-body"><strong><span class="WdYUQQ text-decoration-none text-strikethrough-none">Rogério Ribeiro Linhares&nbsp; &nbsp; &nbsp; &nbsp; &nbsp; &nbsp; &nbsp; &nbsp; <br></span></strong><span class="WdYUQQ text-decoration-none text-strikethrough-none">Presidente da CBM</span></p>
<p>Material para Campanha Desperta Maranhão. <a href="https://drive.google.com/drive/folders/1wNXnzASmhQRxF4qtnAzc8Gl7nRaMUukk?usp=drive_link">Clique aqui</a> ou copie o link a baixo:<br><a href="https://drive.google.com/drive/folders/1wNXnzASmhQRxF4qtnAzc8Gl7nRaMUukk?usp=drive_link">https://drive.google.com/drive/folders/1wNXnzASmhQRxF4qtnAzc8Gl7nRaMUukk?usp=drive_link</a></p>
<p></p>
<h4><strong>O QUE É O SIM – Sistema Integrado de Missões</strong></h4>
<p>É uma estratégia&nbsp;para promover missões no estado do Maranhão</p>
<p><strong>Objetivo –</strong> Arrecadar recursos para manter missionários no campo.</p>
<p><strong>Operacionalidade – </strong>Contribuição mensal dos membros e congregados de nossas igrejas com apenas&nbsp; R$ 5,00 (Cinco Reais Por mês) por pessoa.</p>
<p><b>Estratégia</b><strong>&nbsp;&#8211;&nbsp; </strong>Envelopes padronizados distribuídos as Igrejas&nbsp; e membros cooperantes</p>
<p><strong>Alvo-</strong> Alcançar todo no campo maranhense com um trabalho batista<br>-Alcançar com novos trabalhos cidades, Bairros e Povoados<br>-Revitalização dos trabalhos batistas já existentes<br>-Manter a divulgação desse trabalho com seus próprios recursos</p>
<p><strong>PARA QUE SERVE O SIM<br></strong>Para o sustento missionários de conveniados à CBM/ASSOCIAÇÕES e projetos missionários em todo estado maranhense.</p>
<p><strong>CRIAÇÃO DO SIM</strong></p>
<p>No ano de 2001 foi criado o SIM pela Convenção Batista Maranhense.<br>História da arrecadação de MISSÕES ESTADUAL, antes do SIM<br>Evolução da arrecadação do SIM ano a ano</p>
<p><strong>A CRIAÇÃO DO (SIM) É UMA INICIATICA INÉDITA </strong></p>
<p>É o único estado a única convenção que trabalha com esse sistema de arrecadação e campanha estadual.</p>
<p>Tem dado certo ao longo dos anos, faltando o aprimoramento, acompanhamento e incentivo</p>
<p><strong>ONDE É APLICADO O DINHEIRO DO SIM&nbsp;</strong></p>
<p>O dinheiro é aplicado em projetos missionários como: capacitação de líderes, revitalização de igrejas através do envio de missionários para o campo batista, investimento em infraestrutura para congregações e igrejas.</p>
<p><strong>ONDE ESTA A PRESENÇA BATISTA</strong></p>
<p><strong><em>Atualmente estamos em sete regiões do Estado, representada em oito Associações, a saber:</em></strong></p>
<p><strong>Associação do Alto Turi</strong> &#8211; com 09 Igrejas e 07 Congregações.<br><strong>Associação da Baixada Maranhense</strong> &#8211; com 30 Igrejas e 68 Congregação.<br><strong>Associação dos Cocais</strong> &#8211; com 33 Igrejas e 51 Congregações.<br><strong>Associação da Grande São Luís</strong> &#8211; com 58 Igreja e 13 Congregações. (São Luís)<br><strong>Associação Metropolitana</strong> &#8211; Com 116 Igreja e 38 Congregações.&nbsp;(São Luís)<br><strong>Associação dos Lençóis Maranhense</strong> &#8211; com 19 Igrejas e 19 Congregação.<br><strong>Associação do Vale do Munim</strong> &#8211; com 22 Igrejas e 26 Congregações.<br><strong>Associação Vale do Pindaré</strong> &#8211; com 16 Igrejas e 12 Congregações.</p>

<p>PALAVRA DO PRESIDENTEGraça e Paz, Batistas Maranhenses, estamos iniciando mais uma Campanha deMissões Estaduais sob o Tema: Desperta Maranhão e divisa em Romanos10.15 “E como pregarão, se não forem enviados? Como está escrito:Quão formosos são os pés dos que anunciam coisas boas!” Convocamostodas as Igrejas Batistas, filiadas à Convenção Batista Maranhense, para juntosanunciar o Evangelho [&hellip;]</p>
