{"id":1969,"date":"2020-02-19T15:02:31","date_gmt":"2020-02-19T18:02:31","guid":{"rendered":"http:\/\/batista-ma.org.br\/?page_id=1969"},"modified":"2020-03-09T19:17:47","modified_gmt":"2020-03-09T22:17:47","slug":"o-trabalho-do-educador-cristao-na-igreja","status":"publish","type":"page","link":"https:\/\/batista-ma.org.br\/?page_id=1969","title":{"rendered":"EDUCA\u00c7\u00c3O CRIST\u00c3"},"content":{"rendered":"<h4><img loading=\"lazy\" decoding=\"async\" class=\"aligncenter wp-image-2805 \" src=\"https:\/\/batista-ma.org.br\/wp-content\/uploads\/2020\/03\/BANNER-1.jpg\" alt=\"\" width=\"318\" height=\"180\" srcset=\"https:\/\/batista-ma.org.br\/wp-content\/uploads\/2020\/03\/BANNER-1.jpg 525w, https:\/\/batista-ma.org.br\/wp-content\/uploads\/2020\/03\/BANNER-1-300x170.jpg 300w\" sizes=\"(max-width: 318px) 100vw, 318px\" \/><\/h4>\n<h4><\/h4>\n<h4 style=\"text-align: center;\">Associa\u00e7\u00e3o dos Educadores Crist\u00e3os Batistas do Maranh\u00e3o<\/h4>\n<p>A Educa\u00e7\u00e3o Crist\u00e3 come\u00e7ou com Jesus Cristo, uma obra que tem come\u00e7o, percurso e fim. (Um dia Ele voltar\u00e1) Ele come\u00e7ou chamando pessoas, n\u00e3o s\u00f3 para ouvir e aprender, mais para aprender e viver. Isso torna a Educa\u00e7\u00e3o Crist\u00e3 diferente de qualquer outro processo de transfer\u00eancia de conhecimento. Primeiro aquele que transfere conhecimentos, tamb\u00e9m recebe \u00e9 como se fosse professor e aluno ao mesmo tempo. \u00c9 algo sobrenatural, est\u00e1 al\u00e9m de uma simples compreens\u00e3o humana. Mais isso se torna claro quando compreendemos que o homem que criou esta escola, continua ainda na c\u00e1tedra, Ele foi mais enviou seu paracleto. \u00c9 nisto que consiste a import\u00e2ncia da Educa\u00e7\u00e3o Crist\u00e3. O professor \u00e9 \u201co mestre dos mestres\u201d e todos n\u00f3s seus discentes, talvez o termo mais correto n\u00e3o seria Educadores mais Transmissores, ou seja, o que vem do Mestre \u00e9 transmitido, foi essa percep\u00e7\u00e3o que Jesus passou quando disse: \u201cEu fa\u00e7o o que o Pai manda\u201d Jo\u00e3o 14:31. Os Educadores Crist\u00e3os se disp\u00f5em a desmistificar esse processo e torna-lo pr\u00e1tico, conhecido, divulgado e vivido. Pois esse \u00e9 o grande plano que Deus projetou para todos. Samuel Assun\u00e7\u00e3o \u2013 Presidente da AECB-MA<\/p>\n<h4 style=\"text-align: center;\">Nossa Vis\u00e3o de Futuro<\/h4>\n<p style=\"text-align: center;\">Ser reconhecida pela excel\u00eancia do trabalho dos Educadores Crist\u00e3os\u00a0Batistas<\/p>\n<h4 style=\"text-align: center;\">Nossa Miss\u00e3o<\/h4>\n<p style=\"text-align: center;\">Promover o aperfei\u00e7oamento do Educador Crist\u00e3o Batista no exerc\u00edcio da\u00a0sua voca\u00e7\u00e3o<\/p>\n<p>&nbsp;<\/p>\n<figure id=\"attachment_2810\" aria-describedby=\"caption-attachment-2810\" style=\"width: 300px\" class=\"wp-caption alignleft\"><img loading=\"lazy\" decoding=\"async\" class=\"wp-image-2810 size-medium\" src=\"https:\/\/batista-ma.org.br\/wp-content\/uploads\/2020\/03\/WhatsApp-Image-2020-03-06-at-10.21.06-1-300x225.jpeg\" alt=\"\" width=\"300\" height=\"225\" srcset=\"https:\/\/batista-ma.org.br\/wp-content\/uploads\/2020\/03\/WhatsApp-Image-2020-03-06-at-10.21.06-1-300x225.jpeg 300w, https:\/\/batista-ma.org.br\/wp-content\/uploads\/2020\/03\/WhatsApp-Image-2020-03-06-at-10.21.06-1-768x576.jpeg 768w, https:\/\/batista-ma.org.br\/wp-content\/uploads\/2020\/03\/WhatsApp-Image-2020-03-06-at-10.21.06-1-1024x768.jpeg 1024w, https:\/\/batista-ma.org.br\/wp-content\/uploads\/2020\/03\/WhatsApp-Image-2020-03-06-at-10.21.06-1.jpeg 1280w\" sizes=\"(max-width: 300px) 100vw, 300px\" \/><figcaption id=\"caption-attachment-2810\" class=\"wp-caption-text\">DIRETORIA DA AECB-MA<\/figcaption><\/figure>\n<p>PRESIDENTE- EDCo. SAMUEL ASSUN\u00c7\u00c3O<\/p>\n<p>1\u00aa VICE- EDCa.\u00a0 DALVA MOURA<\/p>\n<p>2\u00aa VICE- EDCa.\u00a0 CLEIDE KALIL<\/p>\n<p>1\u00aa SEC- EDCa.. LUZIA SILVA<\/p>\n<p>2\u00aa SEC.- EDUCa.\u00a0 NICE<\/p>\n<h4 style=\"text-align: center;\">QUEM SOMOS<\/h4>\n<p>A Associa\u00e7\u00e3o dos Educadores Crist\u00e3os Batist do Maranh\u00e3o \/AECB -MA, fundada em 18 de abril do ano de 2013 \u00e9 uma institui\u00e7\u00e3o civil, com fins n\u00e3o econ\u00f4micos, regida por princ\u00edpios b\u00edblicos de orienta\u00e7\u00e3o evang\u00e9l ca Batista, com sede e foro em s\u00e3o Lu\u00eds, \u00e0 Avenida loao Pessoa n\u00b0 pr\u00e9dio da Conven\u00e7\u00e3o Batista Maranhense CEP A Associa\u00e7\u00e3o dos Educadores Crist\u00e3os \u00e9 um dos \u00f3rg\u00e3os Auxiliares da denomina\u00e7\u00e3o, que tem como princ\u00edpio e finalidade: -Promoverr o Minist\u00e9rio de Educa\u00e7\u00e3o Crist\u00e3; -Apoiar seus membros no exerc\u00edcio de suas fun\u00e7\u00f5es piomovendo atualiza\u00e7\u00f5es e eventos socio educacionais; -Promover e divulgar a Educa\u00e7\u00e3o Crist\u00e3 atrav\u00e9s de congressos, simp\u00f3sios, palestras, Semin\u00e1rios, etc&#8230; ; -Estimular a pesquisa em Educa\u00e7\u00e3o Crist\u00e3 e tamb\u00e9m pesquisa Acad\u00eamica, Obter dados relevantes por regi\u00e3o que fundamente a constru\u00e7\u00e3o d\u00e9 Programas espec\u00edficos; -Oferecer consultoria ao semin\u00e1rio da Conven\u00e7\u00e3o Batista Marainhense na forma\u00e7\u00e3o dos alunos dos cursos planejados e execut\u00e1veis; -Oferecer consultorias para as Igrejas, quanto o ao Ministro de Educa\u00e7ao Crist\u00e3, auxilia-los na forma\u00e7\u00e3o continuada do Educador,, dando subs\u00eddios para seu enriquecimento educacional e intelectual; -Promover o desenvolvimento do Ministro de Educa\u00e7\u00e3o Crist\u00e3 junto a Conven\u00e7\u00e3o Batista Maranhense e ou outro org\u00e3o representante deste. -Coordenar o Programa de Educa\u00e7\u00e3o Religiosa e servir como instrutor \u00e0s lideran\u00e7as das Organiza\u00e7\u00f5es Executivas quanto do planejamento, execu\u00e7\u00e3o, avalia\u00e7\u00e3o e realimenta\u00e7\u00e3o dos programas e ou planos: &#8211; Oganiza\u00e7\u00f5es Mission\u00e1rias Uni\u00e3o Feminina Mission\u00e1ria Mulher Crista m Miss\u00e3o, Uni\u00e3o Mission\u00e1ria de Homens Batista, Jubama,; Escola B\u00edbllica Dominical e Semin\u00e1rio. -Consultoria para realiza\u00e7\u00e3o de estrat\u00e9gias missionarias; Estrutura e Funcionamento da Implementa\u00e7\u00e3o de EBD revitali \u00edada; -Consultoria para produ\u00e7\u00e3o de programa par o minist\u00e9rio Infaitil; -Consultoria,, para elabora\u00e7\u00e3o de produ\u00e7\u00e3o de Planejamen de execu\u00e7\u00e3o acompanhamento e avalia\u00e7\u00e3o da EBF; -Capacita\u00e7\u00e3o para produ\u00e7\u00e3o de equipamento e recursos did\u00e1ticos; -Capacita\u00e7\u00e3o a Lideres e docentes par atua\u00e7\u00e3o na Escola B\u00edblica Amados irm\u00e3os prossigamos para nosso avo&#8230; Ele escolheu alguns para serem ap\u00f3stolos, e outros como profetas, e ou os como evangelis tas, e outros como pastores e mestres, tendo em vista o aperfei\u00e7oamento dos santos, para a obra do minist\u00e9rio, para edifica\u00e7\u00e3o do corpo de Cristo; Ef\u00e9sios 4 . 11 e 12 O Senhor seja hoje e sem re nosso orientador. Irm\u00e2 Socorro Coelho<\/p>\n","protected":false},"excerpt":{"rendered":"<p>Associa\u00e7\u00e3o dos Educadores Crist\u00e3os Batistas do Maranh\u00e3o A Educa\u00e7\u00e3o Crist\u00e3 come\u00e7ou com Jesus Cristo, uma obra que tem come\u00e7o, percurso e fim. (Um dia Ele voltar\u00e1) Ele come\u00e7ou chamando pessoas, n\u00e3o s\u00f3 para ouvir e aprender, mais para aprender e viver. Isso torna a Educa\u00e7\u00e3o Crist\u00e3 diferente de qualquer outro processo de transfer\u00eancia de conhecimento. [&hellip;]<\/p>\n","protected":false},"author":2,"featured_media":0,"parent":0,"menu_order":0,"comment_status":"closed","ping_status":"closed","template":"","meta":{"_themeisle_gutenberg_block_has_review":false,"footnotes":""},"class_list":["post-1969","page","type-page","status-publish"],"_links":{"self":[{"href":"https:\/\/batista-ma.org.br\/index.php?rest_route=\/wp\/v2\/pages\/1969"}],"collection":[{"href":"https:\/\/batista-ma.org.br\/index.php?rest_route=\/wp\/v2\/pages"}],"about":[{"href":"https:\/\/batista-ma.org.br\/index.php?rest_route=\/wp\/v2\/types\/page"}],"author":[{"embeddable":true,"href":"https:\/\/batista-ma.org.br\/index.php?rest_route=\/wp\/v2\/users\/2"}],"replies":[{"embeddable":true,"href":"https:\/\/batista-ma.org.br\/index.php?rest_route=%2Fwp%2Fv2%2Fcomments&post=1969"}],"version-history":[{"count":10,"href":"https:\/\/batista-ma.org.br\/index.php?rest_route=\/wp\/v2\/pages\/1969\/revisions"}],"predecessor-version":[{"id":2813,"href":"https:\/\/batista-ma.org.br\/index.php?rest_route=\/wp\/v2\/pages\/1969\/revisions\/2813"}],"wp:attachment":[{"href":"https:\/\/batista-ma.org.br\/index.php?rest_route=%2Fwp%2Fv2%2Fmedia&parent=1969"}],"curies":[{"name":"wp","href":"https:\/\/api.w.org\/{rel}","templated":true}]}}

EDUCAÇÃO CRISTÃ

<h4><img loading="lazy" decoding="async" class="aligncenter wp-image-2805 " src="https://batista-ma.org.br/wp-content/uploads/2020/03/BANNER-1.jpg" alt="" width="318" height="180" srcset="https://batista-ma.org.br/wp-content/uploads/2020/03/BANNER-1.jpg 525w, https://batista-ma.org.br/wp-content/uploads/2020/03/BANNER-1-300x170.jpg 300w" sizes="(max-width: 318px) 100vw, 318px" /></h4>
<h4></h4>
<h4 style="text-align: center;">Associação dos Educadores Cristãos Batistas do Maranhão</h4>
<p>A Educação Cristã começou com Jesus Cristo, uma obra que tem começo, percurso e fim. (Um dia Ele voltará) Ele começou chamando pessoas, não só para ouvir e aprender, mais para aprender e viver. Isso torna a Educação Cristã diferente de qualquer outro processo de transferência de conhecimento. Primeiro aquele que transfere conhecimentos, também recebe é como se fosse professor e aluno ao mesmo tempo. É algo sobrenatural, está além de uma simples compreensão humana. Mais isso se torna claro quando compreendemos que o homem que criou esta escola, continua ainda na cátedra, Ele foi mais enviou seu paracleto. É nisto que consiste a importância da Educação Cristã. O professor é “o mestre dos mestres” e todos nós seus discentes, talvez o termo mais correto não seria Educadores mais Transmissores, ou seja, o que vem do Mestre é transmitido, foi essa percepção que Jesus passou quando disse: “Eu faço o que o Pai manda” João 14:31. Os Educadores Cristãos se dispõem a desmistificar esse processo e torna-lo prático, conhecido, divulgado e vivido. Pois esse é o grande plano que Deus projetou para todos. Samuel Assunção – Presidente da AECB-MA</p>
<h4 style="text-align: center;">Nossa Visão de Futuro</h4>
<p style="text-align: center;">Ser reconhecida pela excelência do trabalho dos Educadores Cristãos Batistas</p>
<h4 style="text-align: center;">Nossa Missão</h4>
<p style="text-align: center;">Promover o aperfeiçoamento do Educador Cristão Batista no exercício da sua vocação</p>
<p>&nbsp;</p>
<figure id="attachment_2810" aria-describedby="caption-attachment-2810" style="width: 300px" class="wp-caption alignleft"><img loading="lazy" decoding="async" class="wp-image-2810 size-medium" src="https://batista-ma.org.br/wp-content/uploads/2020/03/WhatsApp-Image-2020-03-06-at-10.21.06-1-300x225.jpeg" alt="" width="300" height="225" srcset="https://batista-ma.org.br/wp-content/uploads/2020/03/WhatsApp-Image-2020-03-06-at-10.21.06-1-300x225.jpeg 300w, https://batista-ma.org.br/wp-content/uploads/2020/03/WhatsApp-Image-2020-03-06-at-10.21.06-1-768x576.jpeg 768w, https://batista-ma.org.br/wp-content/uploads/2020/03/WhatsApp-Image-2020-03-06-at-10.21.06-1-1024x768.jpeg 1024w, https://batista-ma.org.br/wp-content/uploads/2020/03/WhatsApp-Image-2020-03-06-at-10.21.06-1.jpeg 1280w" sizes="(max-width: 300px) 100vw, 300px" /><figcaption id="caption-attachment-2810" class="wp-caption-text">DIRETORIA DA AECB-MA</figcaption></figure>
<p>PRESIDENTE- EDCo. SAMUEL ASSUNÇÃO</p>
<p>1ª VICE- EDCa.  DALVA MOURA</p>
<p>2ª VICE- EDCa.  CLEIDE KALIL</p>
<p>1ª SEC- EDCa.. LUZIA SILVA</p>
<p>2ª SEC.- EDUCa.  NICE</p>
<h4 style="text-align: center;">QUEM SOMOS</h4>
<p>A Associação dos Educadores Cristãos Batist do Maranhão /AECB -MA, fundada em 18 de abril do ano de 2013 é uma instituição civil, com fins não econômicos, regida por princípios bíblicos de orientação evangél ca Batista, com sede e foro em são Luís, à Avenida loao Pessoa n° prédio da Convenção Batista Maranhense CEP A Associação dos Educadores Cristãos é um dos órgãos Auxiliares da denominação, que tem como princípio e finalidade: -Promoverr o Ministério de Educação Cristã; -Apoiar seus membros no exercício de suas funções piomovendo atualizações e eventos socio educacionais; -Promover e divulgar a Educação Cristã através de congressos, simpósios, palestras, Seminários, etc&#8230; ; -Estimular a pesquisa em Educação Cristã e também pesquisa Acadêmica, Obter dados relevantes por região que fundamente a construção dé Programas específicos; -Oferecer consultoria ao seminário da Convenção Batista Marainhense na formação dos alunos dos cursos planejados e executáveis; -Oferecer consultorias para as Igrejas, quanto o ao Ministro de Educaçao Cristã, auxilia-los na formação continuada do Educador,, dando subsídios para seu enriquecimento educacional e intelectual; -Promover o desenvolvimento do Ministro de Educação Cristã junto a Convenção Batista Maranhense e ou outro orgão representante deste. -Coordenar o Programa de Educação Religiosa e servir como instrutor às lideranças das Organizações Executivas quanto do planejamento, execução, avaliação e realimentação dos programas e ou planos: &#8211; Oganizações Missionárias União Feminina Missionária Mulher Crista m Missão, União Missionária de Homens Batista, Jubama,; Escola Bíbllica Dominical e Seminário. -Consultoria para realização de estratégias missionarias; Estrutura e Funcionamento da Implementação de EBD revitali íada; -Consultoria para produção de programa par o ministério Infaitil; -Consultoria,, para elaboração de produção de Planejamen de execução acompanhamento e avaliação da EBF; -Capacitação para produção de equipamento e recursos didáticos; -Capacitação a Lideres e docentes par atuação na Escola Bíblica Amados irmãos prossigamos para nosso avo&#8230; Ele escolheu alguns para serem apóstolos, e outros como profetas, e ou os como evangelis tas, e outros como pastores e mestres, tendo em vista o aperfeiçoamento dos santos, para a obra do ministério, para edificação do corpo de Cristo; Efésios 4 . 11 e 12 O Senhor seja hoje e sem re nosso orientador. Irmâ Socorro Coelho</p>

<p>Associação dos Educadores Cristãos Batistas do Maranhão A Educação Cristã começou com Jesus Cristo, uma obra que tem começo, percurso e fim. (Um dia Ele voltará) Ele começou chamando pessoas, não só para ouvir e aprender, mais para aprender e viver. Isso torna a Educação Cristã diferente de qualquer outro processo de transferência de conhecimento. [&hellip;]</p>
