{"id":1907,"date":"2020-02-19T14:30:15","date_gmt":"2020-02-19T17:30:15","guid":{"rendered":"http:\/\/batista-ma.org.br\/?page_id=1907"},"modified":"2020-02-29T15:36:42","modified_gmt":"2020-02-29T18:36:42","slug":"associacao-de-igrejas-batista-na-grande-sao-luis","status":"publish","type":"page","link":"https:\/\/batista-ma.org.br\/?page_id=1907","title":{"rendered":"ASSOCIA\u00c7\u00c3O DE IGREJAS BATISTA NA GRANDE S\u00c3O LU\u00cdS"},"content":{"rendered":"<p><img loading=\"lazy\" decoding=\"async\" class=\" wp-image-2460 alignleft\" src=\"https:\/\/batista-ma.org.br\/wp-content\/uploads\/2020\/02\/FOTO-PR.-MACELO.jpg\" alt=\"\" width=\"301\" height=\"286\" srcset=\"https:\/\/batista-ma.org.br\/wp-content\/uploads\/2020\/02\/FOTO-PR.-MACELO.jpg 351w, https:\/\/batista-ma.org.br\/wp-content\/uploads\/2020\/02\/FOTO-PR.-MACELO-300x285.jpg 300w\" sizes=\"(max-width: 301px) 100vw, 301px\" \/>Pr. Macelo de Carvalho Sousa<\/p>\n<p>presidente de AIBGSL<\/p>\n<p>&nbsp;<\/p>\n<p>&nbsp;<\/p>\n<p>&nbsp;<\/p>\n<p>&nbsp;<\/p>\n<p>&nbsp;<\/p>\n<p><strong>PALAVRA DO PRESIDENTE<\/strong><\/p>\n<p><strong> A<\/strong>certadamente algu\u00e9m definiu o Servi\u00e7o Crist\u00e3o como o trabalho que, amoroso e sacrificial, consagramos a Deus, visando a expans\u00e3o de seu Remo ale aos confins da terra, no poder e un\u00e7\u00e3o do Esp\u00edrito Santo (At 1 B) \u00ca preciso olhar al\u00e9m desta vida passageira na qual n\u00e3o h\u00e1 servi\u00e7o corno o daquele que serve porque ama e \u00e9 grato a Deus Minha ora\u00e7\u00e3o \u00e9 para que Deus recompense a cada irm\u00e3o que trabalhou para Ele no ano que se findou &#8220;Tive muitas coisas nas m\u00e3os e as perdi a Iodas, mas aquilo que fui capaz de colocar nas m\u00e3os de Deus ainda possuo&#8221; Maninho Lutero<\/p>\n<p>O m\u00e9todo de Deus \u00e9 usar homens para falara homens O trabalho de ganhar almas para Deus e cuidar bem delas \u00e9 um privil\u00e9gio que Ele nos concede para obtermos galard\u00e3o no dia de Cristo (Fp. 2.16) Sobre isso bem j\u00e1 nos escreveu um escritor desconhecido &#8220;A Salva\u00e7\u00e3o \u00e9 d\u00e1diva de Deus, mas galard\u00e3o \u00e9 recompensa que o crente obt\u00e9m mediante sua atividade na obra do Senhor&#8221;.<\/p>\n<p>\u00ca com amor altru\u00edsta e d\u00eas interessado que nos propomos a servi ao SENHOR Jesus e ao pr\u00f3ximo \u00a0Pois na B\u00edblia o servir ao pr\u00f3ximo equivale a servir a. Deus Ela mesma nos adverte &#8216;Bem-aventurado aquele servo que o seu Senhor, quando vier achar servindo assim {Mt. 24:46) Nesta express\u00e3o da par\u00e1bola dos dois servos, Jesus nos mostra claramente, que cada salvo \u00e9 um servo e que todo servo \u00e9 algu\u00e9m que tem de servir de prestar um servi\u00e7o, servi\u00e7o que deve ser &#8220;assim&#8221;, ou seja, segundo um modelo, um padr\u00e3o estabelecido pelo Senhor.<\/p>\n<p>Deixo para nossa medita\u00e7\u00e3o o seguinte pensamento: Sua salva\u00e7\u00e3o compete a Deus, o servi\u00e7o dele compete a voc\u00ea Thomas Filter Certo de que os uniremos mais diretoria, igrejas e congrega\u00e7\u00f5es associadas, para enfrentarmos este segundo ano de mandato \u00e0 frente da AIBGLS enfrentando\u00a0os desafios e aproveitando as oportunidades, lembrando sempre que o crente foi salvo para servir ao Senhor (Ef 2.10} e que servo n\u00e3o \u00e9 um\u00a0t\u00edtulo que se ganha, mas sim um estilo de vida de entrega lotai como Jesus ensinou Mt 2023) Desta forma esperando em Deus que consigamos\u00a0dizer ao termino combatemos o bom combate, encerremos a carreira e lendo a F\u00e9 de que a obra continuar\u00e1.<\/p>\n<p><img loading=\"lazy\" decoding=\"async\" class=\"size-full wp-image-2461 alignleft\" src=\"https:\/\/batista-ma.org.br\/wp-content\/uploads\/2020\/02\/Pr.-Ubiratan.jpg\" alt=\"\" width=\"305\" height=\"265\" srcset=\"https:\/\/batista-ma.org.br\/wp-content\/uploads\/2020\/02\/Pr.-Ubiratan.jpg 305w, https:\/\/batista-ma.org.br\/wp-content\/uploads\/2020\/02\/Pr.-Ubiratan-300x261.jpg 300w\" sizes=\"(max-width: 305px) 100vw, 305px\" \/><\/p>\n<p>Pr. Ubiratan Ferreira Damasceno<\/p>\n<p>&nbsp;<\/p>\n<p>&nbsp;<\/p>\n<p>&nbsp;<\/p>\n<p>&nbsp;<\/p>\n<p>&nbsp;<\/p>\n<p><strong>PALAVRA DO MISSION\u00c1RIO MOBILIZADOR<\/strong><\/p>\n<p>&nbsp;<\/p>\n<p><strong>B<\/strong>atistas da Grande S\u00e3o Lu\u00eds verem unidade \u00e9 uma voca\u00e7\u00e3o da igreja, uma obra do evangelho e do Esp\u00edrito Santo, A comunh\u00e3o crist\u00e3 foi uma das marcas da Igreja primitiva ficou como modelo a ser seguido e vivido em todos os tempos. (Atos 242.44.49. 4:33). As nossas igrejas hoje s\u00e3o respons\u00e1veis em expressar o car\u00e1ter da nova vida em Cristo e anunciar pela prega\u00e7\u00e3o e coopera\u00e7\u00e3o, a salva\u00e7\u00e3o e a comunh\u00e3o que h\u00e1 em Cristo. Assim sendo n\u00e3o podemos falhar em cumprir nossa voca\u00e7\u00e3o e miss\u00e3o<\/p>\n<p>Sabemos que andar juntos de forma madura e cooperar com o crescimento do Remo de Deus \u00e9 desafiador, Mas \u00e9 a vontade do nosso Senhor Jesus Cristo que seu povo viva em comunh\u00e3o plena. Pr\u00f3ximo da sua morte na cruz. Ele orou pela unidade dos seus seguidores sua ora\u00e7\u00e3o sacerdotal est\u00e1 registrada em Jo\u00e3o 17:20-23 N\u00e3o se traia de uma utopia, mas de uma possibilidade desej\u00e1vel A unidade foi o Dentro da intercess\u00e3o do Senhor <em>em <\/em>favor da igreja e dos seus- disc\u00edpulos Ele orou assim &#8216;E rogo n\u00e3o somente por eles, mas tamb\u00e9m por aqueles que vir\u00e3o a crer em mim pela palavra deles, para que Iodos sejam um assim como tu o Pai \u00e9s em mim e eu em Ti que tamb\u00e9m eles estejam em nas, que o mundo creia que tu me enviasse Eu lhes dei a gl\u00f3ria que me deste para que sejam um \u00a0assim como n\u00f3s somos um eu neles, e Tu em mim para que eles sejam levados \u00e0 plena unidade, a fim de que o mundo reconhe\u00e7a que me enviaste e os amaste assim como me amaste.<\/p>\n<p>Viver a qualidade da unidade que Deus espera de n\u00f3s. Seu povo \u00e9 poss\u00edvel porque Ele j\u00e1 nos aben\u00e7oou com as virtudes crist\u00e3s necess\u00e1rias, com os alicerces inabal\u00e1veis do evangelho da gra\u00e7a e com o poder do Seu Santo Espirito (Ef\u00e9sios 4 1-6). Somos gratos a Deus pelo cuidado e esfor\u00e7o de cada l\u00edder e igreja, da nossa Associa\u00e7\u00e3o, para manter a unidade do Esp\u00edrito nosso v\u00ednculo da paz Continuamos contando com o envolvimento e a coopera\u00e7\u00e3o de todos. Pois juntos somos mais fortes e podemos fazer \u2022nulo mais pela evangeliza\u00e7\u00e3o da nossa cidade e Estado<\/p>\n","protected":false},"excerpt":{"rendered":"<p>Pr. Macelo de Carvalho Sousa presidente de AIBGSL &nbsp; &nbsp; &nbsp; &nbsp; &nbsp; PALAVRA DO PRESIDENTE Acertadamente algu\u00e9m definiu o Servi\u00e7o Crist\u00e3o como o trabalho que, amoroso e sacrificial, consagramos a Deus, visando a expans\u00e3o de seu Remo ale aos confins da terra, no poder e un\u00e7\u00e3o do Esp\u00edrito Santo (At 1 B) \u00ca preciso [&hellip;]<\/p>\n","protected":false},"author":2,"featured_media":0,"parent":0,"menu_order":0,"comment_status":"closed","ping_status":"closed","template":"","meta":{"_themeisle_gutenberg_block_has_review":false,"footnotes":""},"class_list":["post-1907","page","type-page","status-publish"],"_links":{"self":[{"href":"https:\/\/batista-ma.org.br\/index.php?rest_route=\/wp\/v2\/pages\/1907"}],"collection":[{"href":"https:\/\/batista-ma.org.br\/index.php?rest_route=\/wp\/v2\/pages"}],"about":[{"href":"https:\/\/batista-ma.org.br\/index.php?rest_route=\/wp\/v2\/types\/page"}],"author":[{"embeddable":true,"href":"https:\/\/batista-ma.org.br\/index.php?rest_route=\/wp\/v2\/users\/2"}],"replies":[{"embeddable":true,"href":"https:\/\/batista-ma.org.br\/index.php?rest_route=%2Fwp%2Fv2%2Fcomments&post=1907"}],"version-history":[{"count":8,"href":"https:\/\/batista-ma.org.br\/index.php?rest_route=\/wp\/v2\/pages\/1907\/revisions"}],"predecessor-version":[{"id":2463,"href":"https:\/\/batista-ma.org.br\/index.php?rest_route=\/wp\/v2\/pages\/1907\/revisions\/2463"}],"wp:attachment":[{"href":"https:\/\/batista-ma.org.br\/index.php?rest_route=%2Fwp%2Fv2%2Fmedia&parent=1907"}],"curies":[{"name":"wp","href":"https:\/\/api.w.org\/{rel}","templated":true}]}}

ASSOCIAÇÃO DE IGREJAS BATISTA NA GRANDE SÃO LUÍS

<p><img loading="lazy" decoding="async" class=" wp-image-2460 alignleft" src="https://batista-ma.org.br/wp-content/uploads/2020/02/FOTO-PR.-MACELO.jpg" alt="" width="301" height="286" srcset="https://batista-ma.org.br/wp-content/uploads/2020/02/FOTO-PR.-MACELO.jpg 351w, https://batista-ma.org.br/wp-content/uploads/2020/02/FOTO-PR.-MACELO-300x285.jpg 300w" sizes="(max-width: 301px) 100vw, 301px" />Pr. Macelo de Carvalho Sousa</p>
<p>presidente de AIBGSL</p>
<p>&nbsp;</p>
<p>&nbsp;</p>
<p>&nbsp;</p>
<p>&nbsp;</p>
<p>&nbsp;</p>
<p><strong>PALAVRA DO PRESIDENTE</strong></p>
<p><strong> A</strong>certadamente alguém definiu o Serviço Cristão como o trabalho que, amoroso e sacrificial, consagramos a Deus, visando a expansão de seu Remo ale aos confins da terra, no poder e unção do Espírito Santo (At 1 B) Ê preciso olhar além desta vida passageira na qual não há serviço corno o daquele que serve porque ama e é grato a Deus Minha oração é para que Deus recompense a cada irmão que trabalhou para Ele no ano que se findou &#8220;Tive muitas coisas nas mãos e as perdi a Iodas, mas aquilo que fui capaz de colocar nas mãos de Deus ainda possuo&#8221; Maninho Lutero</p>
<p>O método de Deus é usar homens para falara homens O trabalho de ganhar almas para Deus e cuidar bem delas é um privilégio que Ele nos concede para obtermos galardão no dia de Cristo (Fp. 2.16) Sobre isso bem já nos escreveu um escritor desconhecido &#8220;A Salvação é dádiva de Deus, mas galardão é recompensa que o crente obtém mediante sua atividade na obra do Senhor&#8221;.</p>
<p>Ê com amor altruísta e dês interessado que nos propomos a servi ao SENHOR Jesus e ao próximo  Pois na Bíblia o servir ao próximo equivale a servir a. Deus Ela mesma nos adverte &#8216;Bem-aventurado aquele servo que o seu Senhor, quando vier achar servindo assim {Mt. 24:46) Nesta expressão da parábola dos dois servos, Jesus nos mostra claramente, que cada salvo é um servo e que todo servo é alguém que tem de servir de prestar um serviço, serviço que deve ser &#8220;assim&#8221;, ou seja, segundo um modelo, um padrão estabelecido pelo Senhor.</p>
<p>Deixo para nossa meditação o seguinte pensamento: Sua salvação compete a Deus, o serviço dele compete a você Thomas Filter Certo de que os uniremos mais diretoria, igrejas e congregações associadas, para enfrentarmos este segundo ano de mandato à frente da AIBGLS enfrentando os desafios e aproveitando as oportunidades, lembrando sempre que o crente foi salvo para servir ao Senhor (Ef 2.10} e que servo não é um título que se ganha, mas sim um estilo de vida de entrega lotai como Jesus ensinou Mt 2023) Desta forma esperando em Deus que consigamos dizer ao termino combatemos o bom combate, encerremos a carreira e lendo a Fé de que a obra continuará.</p>
<p><img loading="lazy" decoding="async" class="size-full wp-image-2461 alignleft" src="https://batista-ma.org.br/wp-content/uploads/2020/02/Pr.-Ubiratan.jpg" alt="" width="305" height="265" srcset="https://batista-ma.org.br/wp-content/uploads/2020/02/Pr.-Ubiratan.jpg 305w, https://batista-ma.org.br/wp-content/uploads/2020/02/Pr.-Ubiratan-300x261.jpg 300w" sizes="(max-width: 305px) 100vw, 305px" /></p>
<p>Pr. Ubiratan Ferreira Damasceno</p>
<p>&nbsp;</p>
<p>&nbsp;</p>
<p>&nbsp;</p>
<p>&nbsp;</p>
<p>&nbsp;</p>
<p><strong>PALAVRA DO MISSIONÁRIO MOBILIZADOR</strong></p>
<p>&nbsp;</p>
<p><strong>B</strong>atistas da Grande São Luís verem unidade é uma vocação da igreja, uma obra do evangelho e do Espírito Santo, A comunhão cristã foi uma das marcas da Igreja primitiva ficou como modelo a ser seguido e vivido em todos os tempos. (Atos 242.44.49. 4:33). As nossas igrejas hoje são responsáveis em expressar o caráter da nova vida em Cristo e anunciar pela pregação e cooperação, a salvação e a comunhão que há em Cristo. Assim sendo não podemos falhar em cumprir nossa vocação e missão</p>
<p>Sabemos que andar juntos de forma madura e cooperar com o crescimento do Remo de Deus é desafiador, Mas é a vontade do nosso Senhor Jesus Cristo que seu povo viva em comunhão plena. Próximo da sua morte na cruz. Ele orou pela unidade dos seus seguidores sua oração sacerdotal está registrada em João 17:20-23 Não se traia de uma utopia, mas de uma possibilidade desejável A unidade foi o Dentro da intercessão do Senhor <em>em </em>favor da igreja e dos seus- discípulos Ele orou assim &#8216;E rogo não somente por eles, mas também por aqueles que virão a crer em mim pela palavra deles, para que Iodos sejam um assim como tu o Pai és em mim e eu em Ti que também eles estejam em nas, que o mundo creia que tu me enviasse Eu lhes dei a glória que me deste para que sejam um  assim como nós somos um eu neles, e Tu em mim para que eles sejam levados à plena unidade, a fim de que o mundo reconheça que me enviaste e os amaste assim como me amaste.</p>
<p>Viver a qualidade da unidade que Deus espera de nós. Seu povo é possível porque Ele já nos abençoou com as virtudes cristãs necessárias, com os alicerces inabaláveis do evangelho da graça e com o poder do Seu Santo Espirito (Efésios 4 1-6). Somos gratos a Deus pelo cuidado e esforço de cada líder e igreja, da nossa Associação, para manter a unidade do Espírito nosso vínculo da paz Continuamos contando com o envolvimento e a cooperação de todos. Pois juntos somos mais fortes e podemos fazer •nulo mais pela evangelização da nossa cidade e Estado</p>

<p>Pr. Macelo de Carvalho Sousa presidente de AIBGSL &nbsp; &nbsp; &nbsp; &nbsp; &nbsp; PALAVRA DO PRESIDENTE Acertadamente alguém definiu o Serviço Cristão como o trabalho que, amoroso e sacrificial, consagramos a Deus, visando a expansão de seu Remo ale aos confins da terra, no poder e unção do Espírito Santo (At 1 B) Ê preciso [&hellip;]</p>
